{"id":2,"date":"2016-09-06T15:44:15","date_gmt":"2016-09-06T13:44:15","guid":{"rendered":"http:\/\/arduino.holta.nu\/?page_id=2"},"modified":"2016-09-07T20:36:48","modified_gmt":"2016-09-07T18:36:48","slug":"om","status":"publish","type":"page","link":"https:\/\/arduino.holta.nu\/index.php\/om\/","title":{"rendered":"Om"},"content":{"rendered":"<p>Den h\u00e4r sidan \u00e4r t\u00e4nkt att handla om arduino. F\u00f6lj med fr\u00e5n b\u00f6rjan d\u00e4r jag f\u00f6rs\u00f6ker l\u00e4ra mig arduino med hj\u00e4lp av olika b\u00f6cker och start-kit f\u00f6r arduino.<\/p>\n","protected":false},"excerpt":{"rendered":"<p>Den h\u00e4r sidan \u00e4r t\u00e4nkt att handla om arduino. F\u00f6lj med fr\u00e5n b\u00f6rjan d\u00e4r jag f\u00f6rs\u00f6ker l\u00e4ra mig arduino med hj\u00e4lp av olika b\u00f6cker och start-kit f\u00f6r arduino.<\/p>\n","protected":false},"author":1,"featured_media":0,"parent":0,"menu_order":0,"comment_status":"closed","ping_status":"open","template":"","meta":{"footnotes":""},"class_list":["post-2","page","type-page","status-publish","hentry"],"_links":{"self":[{"href":"https:\/\/arduino.holta.nu\/index.php\/wp-json\/wp\/v2\/pages\/2","targetHints":{"allow":["GET"]}}],"collection":[{"href":"https:\/\/arduino.holta.nu\/index.php\/wp-json\/wp\/v2\/pages"}],"about":[{"href":"https:\/\/arduino.holta.nu\/index.php\/wp-json\/wp\/v2\/types\/page"}],"author":[{"embeddable":true,"href":"https:\/\/arduino.holta.nu\/index.php\/wp-json\/wp\/v2\/users\/1"}],"replies":[{"embeddable":true,"href":"https:\/\/arduino.holta.nu\/index.php\/wp-json\/wp\/v2\/comments?post=2"}],"version-history":[{"count":2,"href":"https:\/\/arduino.holta.nu\/index.php\/wp-json\/wp\/v2\/pages\/2\/revisions"}],"predecessor-version":[{"id":6,"href":"https:\/\/arduino.holta.nu\/index.php\/wp-json\/wp\/v2\/pages\/2\/revisions\/6"}],"wp:attachment":[{"href":"https:\/\/arduino.holta.nu\/index.php\/wp-json\/wp\/v2\/media?parent=2"}],"curies":[{"name":"wp","href":"https:\/\/api.w.org\/{rel}","templated":true}]}}